greatest common factor of 18 and 4878?
18
What is the highest common factor of 12977 and 19?
19
Calculate the greatest common divisor of 47 and 2.
1
Calculate the highest common factor of 2 and 122.
2
What is the highest common divisor of 207 and 81?
9
What is the highest common divisor of 1003 and 17?
17
What is the greatest common divisor of 1246 and 14?
14
Calculate the greatest common factor of 2595 and 15.
15
What is the greatest common divisor of 20 and 130?
10
What is the greatest common factor of 56 and 252?
28
What is the greatest common factor of 3390 and 240?
30
What is the highest common divisor of 731 and 86?
43
What is the highest common divisor of 1034 and 1410?
94
Calculate the highest common divisor of 376 and 47.
47
What is the highest common divisor of 5500 and 44?
44
What is the greatest common factor of 755 and 85?
5
Calculate the highest common factor of 39 and 39.
39
What is the highest common factor of 177 and 19352?
59
What is the highest common divisor of 4 and 5?
1
What is the greatest common divisor of 5 and 235?
5
What is the greatest common factor of 3570 and 42?
42
What is the greatest common divisor of 77639 and 17?
17
What is the greatest common factor of 441 and 9?
9
Calculate the highest common factor of 384 and 72.
24
What is the highest common factor of 228 and 7372?
76
Calculate the highest common divisor of 1947 and 11.
11
Calculate the greatest common divisor of 3883 and 22.
11
Calculate the greatest common divisor of 572 and 260.
52
What is the greatest common factor of 980 and 120?
20
Calculate the highest common factor of 12152 and 28.
28
What is the greatest common factor of 90 and 420?
30
Calculate the greatest common divisor of 1210 and 18392.
242
Calculate the greatest common factor of 8 and 216.
8
What is the highest common factor of 465 and 120?
15
What is the greatest common factor of 398 and 5373?
199
Calculate the greatest common factor of 201 and 335.
67
What is the greatest common factor of 167 and 2?
1
What is the greatest common factor of 286 and 88?
22
What is the highest common factor of 105 and 27?
3
Calculate the greatest common factor of 36 and 2124.
36
Calculate the greatest common divisor of 40 and 5000.
40
Calculate the greatest common divisor of 112 and 92.
4
Calculate the highest common factor of 6698 and 170.
34
Calculate the highest common divisor of 1813 and 37.
37
What is the greatest common divisor of 225 and 375?
75
What is the highest common factor of 77 and 65989?
77
What is the greatest common divisor of 42 and 5348?
14
Calculate the highest common divisor of 1884 and 12.
12
What is the greatest common factor of 25 and 475?
25
Calculate the greatest common factor of 4 and 20.
4
What is the highest common factor of 78 and 2288?
26
Calculate the highest common factor of 152 and 76.
76
What is the highest common factor of 11 and 539?
11
What is the greatest common factor of 4146 and 42?
6
Calculate the highest common divisor of 156 and 204.
12
What is the highest common divisor of 76 and 16?
4
What is the greatest common factor of 54 and 42?
6
Calculate the highest common divisor of 128 and 10912.
32
What is the highest common factor of 432 and 60?
12
Calculate the highest common factor of 106 and 21253.
53
What is the greatest common divisor of 249 and 19007?
83
What is the highest common factor of 12 and 84?
12
What is the highest common divisor of 52 and 169?
13
What is the greatest common divisor of 63 and 171?
9
Calculate the greatest common divisor of 45 and 10665.
45
What is the greatest common factor of 30 and 25?
5
Calculate the greatest common divisor of 21 and 1239.
21
What is the greatest common factor of 16 and 16?
16
Calculate the greatest common factor of 16 and 106.
2
Calculate the highest common divisor of 6 and 402.
6
Calculate the highest common factor of 18450 and 18.
18
Calculate the greatest common factor of 26 and 104.
26
Calculate the highest common factor of 45 and 705.
15
What is the greatest common factor of 5 and 365?
5
Calculate the greatest common factor of 25 and 125.
25
What is the highest common divisor of 41 and 10291?
41
Calculate the highest common divisor of 782 and 10.
2
What is the highest common factor of 11740 and 20?
20
What is the greatest common factor of 3 and 39?
3
What is the greatest common divisor of 2752 and 86?
86
Calculate the highest common divisor of 333 and 24.
3
What is the highest common divisor of 65 and 40235?
65
Calculate the greatest common factor of 2184 and 16.
8
What is the highest common factor of 3348 and 6?
6
What is the highest common divisor of 72 and 48?
24
What is the greatest common divisor of 180 and 60?
60
What is the highest common divisor of 2881 and 172?
43
What is the highest common factor of 30296 and 8?
8
Calculate the highest common factor of 987 and 21.
21
Calculate the highest common divisor of 15 and 195.
15
Calculate the highest common factor of 540 and 14220.
180
What is the highest common factor of 531 and 59?
59
What is the highest common divisor of 51 and 221?
17
What is the greatest common divisor of 5000 and 1120?
40
What is the greatest common factor of 67 and 1139?
67
Calculate the highest common divisor of 1 and 16.
1
What is the highest common factor of 356 and 4?
4
What is the highest common divisor of 18 and 83538?
18
Calculate the highest common divisor of 1 and 25.
1
What is the highest common factor of 76416 and 384?
384
What is the greatest common divisor of 159 and 6943?
53
Calculate the highest common divisor of 75 and 4425.
75
Calculate the highest common factor of 230 and 290.
10
Calculate the highest common factor of 61 and 5856.
61
Calculate the greatest common divisor of 3000 and 24.
24
Calculate the greatest common factor of 198 and 22.
22
What is the highest common factor of 513 and 19?
19
Calculate the greatest common divisor of 121 and 22.
11
Calculate the highest common divisor of 318 and 3710.
106
Calculate the highest common factor of 905 and 8869.
181
Calculate the highest common divisor of 20 and 1780.
20
Calculate the greatest common divisor of 108 and 6408.
36
Calculate the greatest common factor of 117 and 39.
39
Calculate the highest common factor of 16 and 208.
16
What is the highest common divisor of 42 and 1113?
21
What is the highest common factor of 4 and 9?
1
Calculate the highest common factor of 33 and 99.
33
What is the highest common factor of 4 and 36692?
4
What is the greatest common divisor of 1054 and 434?
62
Calculate the greatest common factor of 2 and 1489.
1
Calculate the highest common divisor of 9 and 657.
9
Calculate the greatest common divisor of 54 and 216.
54
Calculate the highest common factor of 1104 and 240.
48
Calculate the highest common factor of 204 and 1394.
34
What is the greatest common divisor of 11 and 7535?
11
What is the highest common divisor of 234 and 18?
18
What is the highest common divisor of 208 and 48?
16
Calculate the greatest common factor of 47 and 1504.
47
Calculate the highest common factor of 144 and 2896.
16
Calculate the greatest common factor of 58 and 3422.
58
Calculate the highest common factor of 195 and 1455.
15
What is the highest common divisor of 795 and 45?
15
What is the greatest common divisor of 1139 and 17?
17
What is the greatest common divisor of 16 and 118?
2
Calculate the highest common factor of 85 and 51.
17
What is the greatest common factor of 170 and 1564?
34
What is the highest common factor of 1475 and 175?
25
Calculate the greatest common divisor of 1015 and 35.
35
Calculate the highest common factor of 20 and 10.
10
What is the greatest common divisor of 92933 and 199?
199
What is the highest common factor of 112 and 1288?
56
What is the highest common factor of 1 and 2?
1
Calculate the highest common factor of 184 and 598.
46
Calculate the greatest common factor of 153 and 36.
9
Calculate the greatest common factor of 1032 and 559.
43
What is the greatest common factor of 16 and 80?
16
What is the greatest common factor of 1253 and 6?
1
What is the greatest common factor of 36 and 3852?
36
Calculate the greatest common factor of 98 and 1022.
14
Calculate the highest common factor of 240 and 90.
30
What is the greatest common factor of 1666 and 170?
34
What is the greate